{"id":50,"date":"2025-01-19T12:07:43","date_gmt":"2025-01-19T12:07:43","guid":{"rendered":"https:\/\/tuomasjarvinen.fi\/info\/?page_id=50"},"modified":"2025-07-12T20:06:41","modified_gmt":"2025-07-12T18:06:41","slug":"kuvia-matkalta","status":"publish","type":"page","link":"https:\/\/tuomasjarvinen.fi\/info\/kuvia-matkalta\/","title":{"rendered":"Hetki\u00e4 matkalta"},"content":{"rendered":"\n<p><strong>Satunnaisia hetki\u00e4 vaality\u00f6st\u00e4 ja politiikasta.<\/strong><\/p>\n\n\n\n<p>Kuntavaaleissa 2025 tuli kierrelty\u00e4 ei osissa Helsinki\u00e4. Kylm\u00e4st\u00e4 ilmasta huolimatta ihmisten kohtaamiset ja puoluekavereiden tuki pitiv\u00e4t mielen l\u00e4mpim\u00e4n\u00e4. Helsinkil\u00e4isten arvoinen kaupunki.<\/p>\n\n\n\n<figure class=\"wp-block-image size-large\"><img loading=\"lazy\" decoding=\"async\" width=\"1024\" height=\"768\" src=\"https:\/\/tuomasjarvinen.fi\/info\/wp-content\/uploads\/2025\/03\/20250322_121830-1024x768.jpg\" alt=\"\" class=\"wp-image-137\" srcset=\"https:\/\/tuomasjarvinen.fi\/info\/wp-content\/uploads\/2025\/03\/20250322_121830-1024x768.jpg 1024w, https:\/\/tuomasjarvinen.fi\/info\/wp-content\/uploads\/2025\/03\/20250322_121830-300x225.jpg 300w, https:\/\/tuomasjarvinen.fi\/info\/wp-content\/uploads\/2025\/03\/20250322_121830-768x576.jpg 768w, https:\/\/tuomasjarvinen.fi\/info\/wp-content\/uploads\/2025\/03\/20250322_121830-1536x1152.jpg 1536w, https:\/\/tuomasjarvinen.fi\/info\/wp-content\/uploads\/2025\/03\/20250322_121830-2048x1536.jpg 2048w, https:\/\/tuomasjarvinen.fi\/info\/wp-content\/uploads\/2025\/03\/20250322_121830-850x638.jpg 850w\" sizes=\"auto, (max-width: 1024px) 100vw, 1024px\" \/><figcaption class=\"wp-element-caption\">23.3.2025 Tallinnanaukiolla vaaliteltalla<\/figcaption><\/figure>\n\n\n\n<figure class=\"wp-block-image size-large\"><img loading=\"lazy\" decoding=\"async\" width=\"1024\" height=\"768\" src=\"https:\/\/tuomasjarvinen.fi\/info\/wp-content\/uploads\/2025\/07\/20250329_130737-1024x768.jpg\" alt=\"\" class=\"wp-image-163\" srcset=\"https:\/\/tuomasjarvinen.fi\/info\/wp-content\/uploads\/2025\/07\/20250329_130737-1024x768.jpg 1024w, https:\/\/tuomasjarvinen.fi\/info\/wp-content\/uploads\/2025\/07\/20250329_130737-300x225.jpg 300w, https:\/\/tuomasjarvinen.fi\/info\/wp-content\/uploads\/2025\/07\/20250329_130737-768x576.jpg 768w, https:\/\/tuomasjarvinen.fi\/info\/wp-content\/uploads\/2025\/07\/20250329_130737-1536x1152.jpg 1536w, https:\/\/tuomasjarvinen.fi\/info\/wp-content\/uploads\/2025\/07\/20250329_130737-2048x1536.jpg 2048w, https:\/\/tuomasjarvinen.fi\/info\/wp-content\/uploads\/2025\/07\/20250329_130737-850x638.jpg 850w\" sizes=\"auto, (max-width: 1024px) 100vw, 1024px\" \/><figcaption class=\"wp-element-caption\">29.3.2025 Kontulan vaaliteltalla<\/figcaption><\/figure>\n\n\n\n<figure class=\"wp-block-image size-large\"><img loading=\"lazy\" decoding=\"async\" width=\"768\" height=\"1024\" src=\"https:\/\/tuomasjarvinen.fi\/info\/wp-content\/uploads\/2025\/07\/20250330_135308-768x1024.jpg\" alt=\"\" class=\"wp-image-162\" srcset=\"https:\/\/tuomasjarvinen.fi\/info\/wp-content\/uploads\/2025\/07\/20250330_135308-768x1024.jpg 768w, https:\/\/tuomasjarvinen.fi\/info\/wp-content\/uploads\/2025\/07\/20250330_135308-225x300.jpg 225w, https:\/\/tuomasjarvinen.fi\/info\/wp-content\/uploads\/2025\/07\/20250330_135308-1152x1536.jpg 1152w, https:\/\/tuomasjarvinen.fi\/info\/wp-content\/uploads\/2025\/07\/20250330_135308-1536x2048.jpg 1536w, https:\/\/tuomasjarvinen.fi\/info\/wp-content\/uploads\/2025\/07\/20250330_135308-300x400.jpg 300w, https:\/\/tuomasjarvinen.fi\/info\/wp-content\/uploads\/2025\/07\/20250330_135308-850x1133.jpg 850w, https:\/\/tuomasjarvinen.fi\/info\/wp-content\/uploads\/2025\/07\/20250330_135308-scaled.jpg 1920w\" sizes=\"auto, (max-width: 768px) 100vw, 768px\" \/><figcaption class=\"wp-element-caption\">30.3.2025 matkalla Puotilan metroasemalle jakamaan flaikkuja<\/figcaption><\/figure>\n\n\n\n<figure class=\"wp-block-image size-large\"><img loading=\"lazy\" decoding=\"async\" width=\"768\" height=\"1024\" src=\"https:\/\/tuomasjarvinen.fi\/info\/wp-content\/uploads\/2025\/07\/20250402_1849140-768x1024.jpg\" alt=\"\" class=\"wp-image-159\" srcset=\"https:\/\/tuomasjarvinen.fi\/info\/wp-content\/uploads\/2025\/07\/20250402_1849140-768x1024.jpg 768w, https:\/\/tuomasjarvinen.fi\/info\/wp-content\/uploads\/2025\/07\/20250402_1849140-225x300.jpg 225w, https:\/\/tuomasjarvinen.fi\/info\/wp-content\/uploads\/2025\/07\/20250402_1849140-1152x1536.jpg 1152w, https:\/\/tuomasjarvinen.fi\/info\/wp-content\/uploads\/2025\/07\/20250402_1849140-1536x2048.jpg 1536w, https:\/\/tuomasjarvinen.fi\/info\/wp-content\/uploads\/2025\/07\/20250402_1849140-300x400.jpg 300w, https:\/\/tuomasjarvinen.fi\/info\/wp-content\/uploads\/2025\/07\/20250402_1849140-850x1133.jpg 850w, https:\/\/tuomasjarvinen.fi\/info\/wp-content\/uploads\/2025\/07\/20250402_1849140-scaled.jpg 1920w\" sizes=\"auto, (max-width: 768px) 100vw, 768px\" \/><figcaption class=\"wp-element-caption\">2.4.2025 Herttoniemen metroasemalla flaikkujen jaossa<\/figcaption><\/figure>\n\n\n\n<figure class=\"wp-block-image size-large\"><img loading=\"lazy\" decoding=\"async\" width=\"768\" height=\"1024\" src=\"https:\/\/tuomasjarvinen.fi\/info\/wp-content\/uploads\/2025\/07\/20250412_125155-768x1024.jpg\" alt=\"\" class=\"wp-image-158\" srcset=\"https:\/\/tuomasjarvinen.fi\/info\/wp-content\/uploads\/2025\/07\/20250412_125155-768x1024.jpg 768w, https:\/\/tuomasjarvinen.fi\/info\/wp-content\/uploads\/2025\/07\/20250412_125155-225x300.jpg 225w, https:\/\/tuomasjarvinen.fi\/info\/wp-content\/uploads\/2025\/07\/20250412_125155-1152x1536.jpg 1152w, https:\/\/tuomasjarvinen.fi\/info\/wp-content\/uploads\/2025\/07\/20250412_125155-1536x2048.jpg 1536w, https:\/\/tuomasjarvinen.fi\/info\/wp-content\/uploads\/2025\/07\/20250412_125155-300x400.jpg 300w, https:\/\/tuomasjarvinen.fi\/info\/wp-content\/uploads\/2025\/07\/20250412_125155-850x1133.jpg 850w, https:\/\/tuomasjarvinen.fi\/info\/wp-content\/uploads\/2025\/07\/20250412_125155-scaled.jpg 1920w\" sizes=\"auto, (max-width: 768px) 100vw, 768px\" \/><figcaption class=\"wp-element-caption\">12.4.2025Tallinnanaukion vaaliteltalta, miss\u00e4 Antti Lindtmanin k\u00e4vi pist\u00e4ytym\u00e4ss\u00e4<\/figcaption><\/figure>\n\n\n\n<p><\/p>\n","protected":false},"excerpt":{"rendered":"<p>Satunnaisia hetki\u00e4 vaality\u00f6st\u00e4 ja politiikasta. Kuntavaaleissa 2025 tuli kierrelty\u00e4 ei osissa Helsinki\u00e4. Kylm\u00e4st\u00e4 ilmasta huolimatta ihmisten kohtaamiset ja puoluekavereiden tuki pitiv\u00e4t mielen l\u00e4mpim\u00e4n\u00e4. Helsinkil\u00e4isten arvoinen kaupunki.<\/p>\n","protected":false},"author":1,"featured_media":0,"parent":0,"menu_order":0,"comment_status":"closed","ping_status":"closed","template":"","meta":{"footnotes":""},"class_list":["post-50","page","type-page","status-publish","hentry"],"_links":{"self":[{"href":"https:\/\/tuomasjarvinen.fi\/info\/wp-json\/wp\/v2\/pages\/50","targetHints":{"allow":["GET"]}}],"collection":[{"href":"https:\/\/tuomasjarvinen.fi\/info\/wp-json\/wp\/v2\/pages"}],"about":[{"href":"https:\/\/tuomasjarvinen.fi\/info\/wp-json\/wp\/v2\/types\/page"}],"author":[{"embeddable":true,"href":"https:\/\/tuomasjarvinen.fi\/info\/wp-json\/wp\/v2\/users\/1"}],"replies":[{"embeddable":true,"href":"https:\/\/tuomasjarvinen.fi\/info\/wp-json\/wp\/v2\/comments?post=50"}],"version-history":[{"count":5,"href":"https:\/\/tuomasjarvinen.fi\/info\/wp-json\/wp\/v2\/pages\/50\/revisions"}],"predecessor-version":[{"id":172,"href":"https:\/\/tuomasjarvinen.fi\/info\/wp-json\/wp\/v2\/pages\/50\/revisions\/172"}],"wp:attachment":[{"href":"https:\/\/tuomasjarvinen.fi\/info\/wp-json\/wp\/v2\/media?parent=50"}],"curies":[{"name":"wp","href":"https:\/\/api.w.org\/{rel}","templated":true}]}}

Hetkiä matkalta

<p><strong>Satunnaisia hetkiä vaalityöstä ja politiikasta.</strong></p>



<p>Kuntavaaleissa 2025 tuli kierreltyä ei osissa Helsinkiä. Kylmästä ilmasta huolimatta ihmisten kohtaamiset ja puoluekavereiden tuki pitivät mielen lämpimänä. Helsinkiläisten arvoinen kaupunki.</p>



<figure class="wp-block-image size-large"><img loading="lazy" decoding="async" width="1024" height="768" src="https://tuomasjarvinen.fi/info/wp-content/uploads/2025/03/20250322_121830-1024x768.jpg" alt="" class="wp-image-137" srcset="https://tuomasjarvinen.fi/info/wp-content/uploads/2025/03/20250322_121830-1024x768.jpg 1024w, https://tuomasjarvinen.fi/info/wp-content/uploads/2025/03/20250322_121830-300x225.jpg 300w, https://tuomasjarvinen.fi/info/wp-content/uploads/2025/03/20250322_121830-768x576.jpg 768w, https://tuomasjarvinen.fi/info/wp-content/uploads/2025/03/20250322_121830-1536x1152.jpg 1536w, https://tuomasjarvinen.fi/info/wp-content/uploads/2025/03/20250322_121830-2048x1536.jpg 2048w, https://tuomasjarvinen.fi/info/wp-content/uploads/2025/03/20250322_121830-850x638.jpg 850w" sizes="auto, (max-width: 1024px) 100vw, 1024px" /><figcaption class="wp-element-caption">23.3.2025 Tallinnanaukiolla vaaliteltalla</figcaption></figure>



<figure class="wp-block-image size-large"><img loading="lazy" decoding="async" width="1024" height="768" src="https://tuomasjarvinen.fi/info/wp-content/uploads/2025/07/20250329_130737-1024x768.jpg" alt="" class="wp-image-163" srcset="https://tuomasjarvinen.fi/info/wp-content/uploads/2025/07/20250329_130737-1024x768.jpg 1024w, https://tuomasjarvinen.fi/info/wp-content/uploads/2025/07/20250329_130737-300x225.jpg 300w, https://tuomasjarvinen.fi/info/wp-content/uploads/2025/07/20250329_130737-768x576.jpg 768w, https://tuomasjarvinen.fi/info/wp-content/uploads/2025/07/20250329_130737-1536x1152.jpg 1536w, https://tuomasjarvinen.fi/info/wp-content/uploads/2025/07/20250329_130737-2048x1536.jpg 2048w, https://tuomasjarvinen.fi/info/wp-content/uploads/2025/07/20250329_130737-850x638.jpg 850w" sizes="auto, (max-width: 1024px) 100vw, 1024px" /><figcaption class="wp-element-caption">29.3.2025 Kontulan vaaliteltalla</figcaption></figure>



<figure class="wp-block-image size-large"><img loading="lazy" decoding="async" width="768" height="1024" src="https://tuomasjarvinen.fi/info/wp-content/uploads/2025/07/20250330_135308-768x1024.jpg" alt="" class="wp-image-162" srcset="https://tuomasjarvinen.fi/info/wp-content/uploads/2025/07/20250330_135308-768x1024.jpg 768w, https://tuomasjarvinen.fi/info/wp-content/uploads/2025/07/20250330_135308-225x300.jpg 225w, https://tuomasjarvinen.fi/info/wp-content/uploads/2025/07/20250330_135308-1152x1536.jpg 1152w, https://tuomasjarvinen.fi/info/wp-content/uploads/2025/07/20250330_135308-1536x2048.jpg 1536w, https://tuomasjarvinen.fi/info/wp-content/uploads/2025/07/20250330_135308-300x400.jpg 300w, https://tuomasjarvinen.fi/info/wp-content/uploads/2025/07/20250330_135308-850x1133.jpg 850w, https://tuomasjarvinen.fi/info/wp-content/uploads/2025/07/20250330_135308-scaled.jpg 1920w" sizes="auto, (max-width: 768px) 100vw, 768px" /><figcaption class="wp-element-caption">30.3.2025 matkalla Puotilan metroasemalle jakamaan flaikkuja</figcaption></figure>



<figure class="wp-block-image size-large"><img loading="lazy" decoding="async" width="768" height="1024" src="https://tuomasjarvinen.fi/info/wp-content/uploads/2025/07/20250402_1849140-768x1024.jpg" alt="" class="wp-image-159" srcset="https://tuomasjarvinen.fi/info/wp-content/uploads/2025/07/20250402_1849140-768x1024.jpg 768w, https://tuomasjarvinen.fi/info/wp-content/uploads/2025/07/20250402_1849140-225x300.jpg 225w, https://tuomasjarvinen.fi/info/wp-content/uploads/2025/07/20250402_1849140-1152x1536.jpg 1152w, https://tuomasjarvinen.fi/info/wp-content/uploads/2025/07/20250402_1849140-1536x2048.jpg 1536w, https://tuomasjarvinen.fi/info/wp-content/uploads/2025/07/20250402_1849140-300x400.jpg 300w, https://tuomasjarvinen.fi/info/wp-content/uploads/2025/07/20250402_1849140-850x1133.jpg 850w, https://tuomasjarvinen.fi/info/wp-content/uploads/2025/07/20250402_1849140-scaled.jpg 1920w" sizes="auto, (max-width: 768px) 100vw, 768px" /><figcaption class="wp-element-caption">2.4.2025 Herttoniemen metroasemalla flaikkujen jaossa</figcaption></figure>



<figure class="wp-block-image size-large"><img loading="lazy" decoding="async" width="768" height="1024" src="https://tuomasjarvinen.fi/info/wp-content/uploads/2025/07/20250412_125155-768x1024.jpg" alt="" class="wp-image-158" srcset="https://tuomasjarvinen.fi/info/wp-content/uploads/2025/07/20250412_125155-768x1024.jpg 768w, https://tuomasjarvinen.fi/info/wp-content/uploads/2025/07/20250412_125155-225x300.jpg 225w, https://tuomasjarvinen.fi/info/wp-content/uploads/2025/07/20250412_125155-1152x1536.jpg 1152w, https://tuomasjarvinen.fi/info/wp-content/uploads/2025/07/20250412_125155-1536x2048.jpg 1536w, https://tuomasjarvinen.fi/info/wp-content/uploads/2025/07/20250412_125155-300x400.jpg 300w, https://tuomasjarvinen.fi/info/wp-content/uploads/2025/07/20250412_125155-850x1133.jpg 850w, https://tuomasjarvinen.fi/info/wp-content/uploads/2025/07/20250412_125155-scaled.jpg 1920w" sizes="auto, (max-width: 768px) 100vw, 768px" /><figcaption class="wp-element-caption">12.4.2025Tallinnanaukion vaaliteltalta, missä Antti Lindtmanin kävi pistäytymässä</figcaption></figure>



<p></p>

<p>Satunnaisia hetkiä vaalityöstä ja politiikasta. Kuntavaaleissa 2025 tuli kierreltyä ei osissa Helsinkiä. Kylmästä ilmasta huolimatta ihmisten kohtaamiset ja puoluekavereiden tuki pitivät mielen lämpimänä. Helsinkiläisten arvoinen kaupunki.</p>
